+ 5*c = -840. Let f = 245 + c. Calculate the highest common factor of f and 11.
11
Let u = 32 + -17. Suppose -5*p - 2*o = -10*p + 20, -p + 5*o = 19. What is the highest common divisor of p and u?
3
Let q be 1/(-4) - 143/4. Suppose 2*s + 2*s = 120. Let b = s - q. What is the highest common factor of b and 6?
6
Suppose 3*x - 103 = -5*g + 122, 0 = 2*x. Calculate the highest common factor of g and 30.
15
Suppose z - 247 = -z + o, -4*o = -3*z + 383. Let j = -36 + 22. Let a be (-4)/j - (-150)/14. What is the highest common factor of z and a?
11
Let s(z) = z**3 + 4*z**2 - 8*z - 7. Let h be s(-5). Calculate the greatest common divisor of 88 and h.
8
Let b be 33/2 + (-33)/22. Suppose 0 = i - 6*l + l - 45, 5*l + b = 0. What is the highest common divisor of i and 240?
30
Suppose 2*d - 3 = k, 3*k = 3*d - 0*k - 3. Suppose 2*v - d = 4, 0 = -4*w - v + 99. Suppose 5*z + 3 - 33 = 0. What is the highest common divisor of z and w?
6
Suppose -3*j = -5*j + 124. Let a = j - 28. Calculate the greatest common factor of a and 51.
17
Let n = 71 + -62. What is the highest common divisor of 63 and n?
9
Let m(b) = 8*b**2 + 3*b - 2. Let g be m(1). Calculate the greatest common factor of g and 45.
9
Suppose 3*a + 650 = -2*a. Let p be 1/3 - a/6. Calculate the highest common divisor of 55 and p.
11
Let m(j) = j**2 + 48. Let b be m(0). Calculate the highest common divisor of b and 6.
6
Let b(d) = -20*d - 4. Let t be b(-3). Suppose 6*q = q + 25. Suppose 3*u + 14 = q*u. Calculate the highest common factor of t and u.
7
Suppose -d + 2*d - 84 = 5*k, -4*d + 2*k = -390. Calculate the highest common factor of d and 11.
11
Let w(d) = -4*d**3 - 8*d**2 + 5*d - 6. Let m be w(-4). What is the greatest common divisor of m and 6?
6
Let c be 136/22 + (-6)/33. Suppose 151 = 5*l + 4*q - 111, -l + 56 = -q. Calculate the greatest common divisor of c and l.
6
Suppose 3*j - 5 = d - 23, -2*d + 2*j + 28 = 0. Suppose 0 = 7*l - 2*l - 540. What is the highest common factor of l and d?
12
Suppose -121 = -2*o - 3*m, 2*m - 9 = -m. Let q(u) = u**3 - 4*u**2 + u + 3. Let l be q(4). What is the highest common divisor of o and l?
7
Suppose 53 = 2*a + 3*p, -135 = -0*a - 5*a - 5*p. What is the highest common divisor of a and 70?
14
Suppose 0 = -m + 195 + 363. Let q be 2/10 + m/10. Let t = -5 + 13. Calculate the highest common divisor of t and q.
8
Let t(x) = -4*x**3 - x**2 - x - 1. Let v be (1 - 0)*(-1 - 0). Let q be t(v). Calculate the highest common divisor of q and 33.
3
Suppose 4*c - 386 = 434. Suppose -3*u + c = 2*f, -f + 12 + 57 = u. Suppose 4*h = 3*z + u, -2*h - z + 4*z = -35. Calculate the greatest common factor of 4 and h.
4
Suppose -n = -23 + 17. Suppose -4*r + 2*r + 8 = 0. Calculate the highest common divisor of r and n.
2
Let l = -182 - -308. Suppose 28 = v + 5*w, 3*v = -3*w - 9 + 69. What is the greatest common divisor of v and l?
18
Let z(s) = -3*s**2 - 2*s + 234. Let r be z(0). What is the highest common divisor of r and 26?
26
Suppose -3*t = -5*y + 28, -t + 2*t + 21 = 4*y. Let n(h) = 4*h**2 + 2*h + 1. Let j be n(t). Let o be (9/2)/(j/6). What is the highest common divisor of o and 18?
9
Let o = 94 + -54. Let d be -5*1*(-8 + 7). What is the highest common divisor of d and o?
5
Let a = -723 - -726. Let k(j) = -j**3 - 5*j**2 - 2*j + 2. Let u be k(-5). Calculate the highest common divisor of u and a.
3
Let q = 155 - 151. Let x be (12/15)/(1/5). Calculate the greatest common factor of x and q.
4
Suppose 3*w + 2 = -3*f + 5, -3*w + 27 = -3*f. Let z = 346 - 244. Suppose 2*k + 0 = 4*v + z, -5*k = -3*v - 269. What is the greatest common factor of k and w?
5
Let b(j) = 2*j + 3. Let y be b(9). What is the highest common factor of 168 and y?
21
Suppose -3*i + 15 = f, 2*i = 4*i - f - 10. Let g be 40 + 2/2 + -1. What is the greatest common divisor of g and i?
5
Let w be 1 + (-5 - -1) + 7. What is the greatest common factor of 4 and w?
4
Let c be (-2)/8 - 449/(-4). What is the highest common divisor of c and 16?
16
Let c(w) = -141*w + 5. Let b(x) = 47*x - 2. Let l(t) = -17*b(t) - 6*c(t). Let j be l(4). Calculate the greatest common divisor of j and 24.
24
Let v be 1 - -2 - (-287)/7. What is the greatest common divisor of v and 110?
22
Suppose 6*o - 312 = 2*o. Let y be -4*(9/12 - 2). Suppose y*w = 2*w + o. What is the highest common factor of w and 13?
13
Let v = 25 - 20. What is the highest common divisor of 55 and v?
5
Suppose -7*z - 84 = -10*z. What is the highest common factor of 112 and z?
28
Let u be 0 - -1 - (-9 + -1). Calculate the greatest common factor of u and 77.
11
Suppose 2*k - 44 = -3*i + k, 0 = -3*i - 2*k + 46. Suppose -3*b = -50 + i. Calculate the highest common divisor of b and 36.
12
Suppose -2*b - 98 + 246 = 0. Calculate the highest common divisor of b and 111.
37
Suppose -4*r = 4*h + 64, 4*h + 83 - 7 = -r. Let z = h + 13. Let a(l) = -l**3 - 7*l**2 - 5*l - 3. Let j be a(z). Calculate the highest common factor of 4 and j.
4
Let n = -3 - -5. Suppose 2*y = -n + 4. What is the highest common factor of 7 and y?
1
Let t be (-108)/(-14) - 4/(-14). Let w be 86 - (3/(-1) + 1). Suppose 0 = -2*j + 2*y + w, 4 = 5*y + 24. What is the highest common factor of t and j?
8
Let k(x) = -x**2 + 11*x + 5. Let w be k(4). Let v = 10 - 7. Calculate the highest common factor of w and v.
3
Suppose l - 80 = -4*l. Calculate the highest common divisor of l and 80.
16
Let k(y) = -3*y**3 + y. Suppose 7*n - 2*n = -a - 9, 0 = 2*a - 3*n - 21. Let b = 4 - a. Let q be k(b). What is the highest common divisor of 2 and q?
2
Suppose 0 = -3*o - 0*o + 15. Suppose -4 = -5*t + 6. Suppose -t*y = -2*v - 0*y, 0 = 2*v + 5*y - 35. Calculate the highest common divisor of v and o.
5
Suppose 0 = 3*s - 5*j - 12, 0*s - j = 5*s - 20. Suppose -2*w = -3*x - 5*w + 66, 61 = 3*x + s*w. Calculate the highest common divisor of x and 9.
9
Let r be 1/(0 - 1/(-200)). Suppose 2*k - 204 = -0*k - i, -3*k - 4*i + 316 = 0. Suppose 2*v + 3*v - k = 0. What is the greatest common divisor of v and r?
20
Let r be 8/(-5)*(-5)/1. Calculate the greatest common factor of 1 and r.
1
Let w(f) = 53*f - 1. Let b be w(1). Let h = b - 26. Let n be 2/6 + (-76)/(-6). Calculate the greatest common factor of n and h.
13
Let t be (68/14)/((-6)/(-84)*2). What is the highest common factor of t and 85?
17
Let s = 76 + -34. Let d(k) = -2*k - 7. Let q be d(-5). Suppose -177 = -q*u + 3*y, 6*y = -4*u + 2*y + 268. What is the highest common divisor of u and s?
21
Let w(r) = 2*r - 7. Let p be w(5). Let o(m) = m + 3. Let z be o(0). Calculate the highest common divisor of p and z.
3
Suppose 0*b + 2*h - 58 = -4*b, -3 = -h. Suppose -u - 2 = -6. Let k = 17 - u. Calculate the greatest common divisor of b and k.
13
Let o be 5 + -4 - (0 - 1). Suppose 0 = -2*z + 3 - 1. Let s be z + (1 - (-3 + o)). Calculate the highest common factor of s and 33.
3
Let o(g) = -g**2 + g + 2. Let j be o(-4). Let f be (-95)/2*j/15. Suppose -44 = 2*y - 120. Calculate the highest common factor of y and f.
19
Suppose 0 = j - 3*i - 19, i + 2 + 2 = 0. Suppose 2*o + j = 2*d + 1, 0 = -5*o + 25. What is the greatest common divisor of 12 and d?
4
Let o(f) = 2*f**2 - 2*f - 4. Let p be (-3)/(-5) + (-33)/5. Let h be o(p). Calculate the greatest common divisor of h and 16.
16
Suppose -4 = -2*t - 4*p, -4*t + 4*p + 47 = -p. Suppose 5*j - 87 = -4*n, t*n = 4*n - 2*j + 78. What is the greatest common factor of 198 and n?
18
Let d(y) = -94*y**3 + y**2 + 2*y + 1. Let w be d(-1). Let i = w - 44. Let n = i + -35. Calculate the greatest common divisor of 105 and n.
15
Suppose 0*v + v + 4*q = 29, 65 = 5*v + 4*q. Calculate the greatest common factor of v and 36.
9
Let c be 2/5 + 63/(-45) - -16. Let m = 25 + -10. Calculate the greatest common divisor of c and m.
15
Let r be -29 + 2/((-4)/(-6)). Let f = 45 + r. What is the highest common divisor of f and 38?
19
Let o be 3*-1*24/(-9). Let m be ((-190)/o)/(1/(-4)). Calculate the greatest common factor of 19 and m.
19
Let z = -641 + 671. Let t(q) = q**3 - q**2 - q + 12. Let g be t(0). What is the highest common factor of g and z?
6
Let l(u) = u - 5. Let y be l(8). Suppose -d + 19 = -y*n - 14, 3*d - 2*n - 106 = 0. Calculate the greatest common divisor of d and 4.
4
Let n(z) = z**3 - z**2 + 52. Let o be n(0). Let d = -16 + o. Suppose 3*a - 27 = 4*y, 4*a + y + 0*y = d. What is the greatest common